{"id":1019,"date":"2015-08-31T00:16:30","date_gmt":"2015-08-31T00:16:30","guid":{"rendered":"https:\/\/gaiaholistic.com\/?page_id=1019"},"modified":"2015-08-31T04:02:19","modified_gmt":"2015-08-31T04:02:19","slug":"about-ussp","status":"publish","type":"page","link":"https:\/\/gaiaholistic.com\/?page_id=1019","title":{"rendered":"<span style=\"display:none\">SP<\/span>Sobre Nosotros"},"content":{"rendered":"<div class=\"article-p\">\nGaia Holistic Inc. es una fundaci\u00f3n sin fines de lucro bajo ley 501(c)(3) aprobada por el Gobierno Federal de los Estados Unidos (EEUU). Sus donaciones son deducible de impuestos bajo la ley. Gaia Holistic se esfuerza por el mejoramiento y la felicidad de todos los seres sensibles de nuestro planeta, trabajando constantemente para disipar el sufrimiento a trav\u00e9s de varios programas y ense\u00f1anzas.\n<\/div>\n<p>&nbsp;<\/p>\n<h2>LA TERAPIA ONNETSU DRA. KAZUKO DE LOS RAYOS INFRARROJOS LEJANOS Y ENTRENAMIENTO<\/h2>\n<div class=\"article-p\">\nBasado en la curaci\u00f3n antigua del Japon\u00e9s Antiguo y la ciencia moderna de los Rayos Infrarrojos Lejanos, esta modalidad ayuda reducir el estr\u00e9s y el dolor (dolor de hombro, espalda, est\u00f3mago, cabeza, rodillas, articulaciones, m\u00fasculo, etc.) para mejorar condiciones como la fatiga cr\u00f3nica, estre\u00f1imiento, reumatismo, problemas de la piel, lesi\u00f3n de deporte, diabetes, hepatitis, problemas de \u00f3rgano, c\u00e1ncer, infarto y depresi\u00f3n. La Terapia Onnetsu ayuda restaurar el poder de autocuraci\u00f3n.\n<\/div>\n<p>&nbsp;<\/p>\n<h2>YOGA JAPON\u00c9S OKIDO<\/h2>\n<div class=\"article-p\">\nYoga Okido es una pr\u00e1ctica total de la salud. El difunto Maestro Masahiro Oki revolucion\u00f3 Yoga, incorporando el verdadero Yoga Indio, disciplina Shinto, Artes Marciales, Do-In Chino, practica Zen, culminando en la Yoga \u201cJaponesa\u201d. Los fundamentos incluyen aumentar la conciencia del Ki-flow cultivando el poder Tanden buscando el balance constante del cuerpo, mente y esp\u00edritu, de acuerdo a la ley de la Naturaleza. Es muy distinto al Yoga Hatha, practicado extensamente en el Oeste. Aprenderan ejercicios \u00fanicos y divertidos del OKIDO:<\/p>\n<table>\n<tr>\n<td style=\"border:none;\">\u2022&nbsp;&nbsp;<\/td>\n<td style=\"border:none;\"><b>KARENBUI:<\/b> Kanren-Bui es una t\u00e9cnica del Jap\u00f3n Antiguo, usando puntos de relaci\u00f3n del cuerpo para mejorar el flujo de la energia vital. Estos puntos puedes ser tratados ajustando the postura del cuerpo y movimientos de estiramiento por medio de aguja o presi\u00f3n de dedos.<\/td>\n<\/tr>\n<tr>\n<td style=\"border:none;\">\u2022&nbsp;&nbsp;<\/td>\n<td style=\"border:none;\"><b>JOKAHO:<\/b> Corrigiendo el desequilibrio del cuerpo, uno elimina varias enfermedades y problemas mentales.<\/td>\n<\/tr>\n<tr>\n<td style=\"border:none;\">\u2022&nbsp;&nbsp;<\/td>\n<td style=\"border:none;\"><b>SHUSEIHO:<\/b> Corrigiendo el desequilibrio del cuerpo, uno elimina varias enfermedades y problemas mentales.<\/td>\n<\/tr>\n<tr>\n<td style=\"border:none;\">\u2022&nbsp;&nbsp;<\/td>\n<td style=\"border:none;\"><b>KIOKAHO:<\/b> Ejercicio provee fuertes estimulaciones del cerebro profundo, estimulando funciones basicas de la fuerza de vida.<\/td>\n<\/tr>\n<\/table>\n<p>Van a poder experimentar como esta t\u00e9cnica antigua desarrolla ligereza y balance corporal y mental en nuestra vida diaria moderna. Este tratamiento mejora la salud, creae una mente natural y conecta el cuerpo y la mente, sintiendo su energ\u00eda interna and fueza de vida.\n<\/p><\/div>\n<p>&nbsp;<\/p>\n<h2>OKIDO \/ SHINKIKO (preguntar)<\/h2>\n<div><\/div>\n<p>&nbsp;<\/p>\n<h2>MEDICINA TIBETANA DE TERAPIA Y ENTRENAMIENTO<\/h2>\n<div class=\"article-p\">\nLa tradici\u00f3n m\u00e9dica Tibetana toma un enfoque hol\u00edstico hacia la salud, sobre la base de la filosofia Budista que la vida es parte de una existencia c\u00edclica. Una persona que se entiende que es un compuesto de cuerpo, mente y esp\u00edritu, con el nacimineto, la vejez, la enfermedad y la muerte como una parte natural de esa existencia. Una premisa subyacente del sistema tibetano es que el equilibrio de las energ\u00edas con sus \u00f3rganos biol\u00f3gicos relacionados con el cuerpo resulta en buena salud. Cuando uno esta en equilibrio, uno se siente bien, fuerte y tiene alegr\u00eda en su vida y relaciones.\n<\/div>\n<p>&nbsp;<\/p>\n<h2>JAPANESE HARI (Acupuntura)<\/h2>\n<div class=\"article-p\">\nA nivel de posgrado de la Terapia de Meredian, un curso certificado. Tambien aceptamos sanadores sensibles e intuitivos altamente realizados de otras modalidades. Usted apreder\u00e1 muchos aspectos nuevos y enfoques para la curaci\u00f3n. Usted podra agudizar su intuici\u00f3n y aprender la intenci\u00f3n mental para armonizar exceso y el defecto a trav\u00e9s de m\u00e9todos unicos de Hari japon\u00e9s de tonificaci\u00f3n y dispersi\u00f3n. Ademas, usted aprender\u00e1 a indentificar a la energ\u00eda de las conexciones y encontrar puntos mas eficaces y espec\u00edficos para cada paciente individual.\n<\/div>\n<p>&nbsp;<\/p>\n<h2>TERAPIA<span style=\"font-size:12pt\"> \u2013 VARIAS TERAPIAS INCLUYENDO FACIAL<\/span><\/h2>\n<div class=\"article-p\"><\/div>\n<p>&nbsp;<\/p>\n<h2>CLASES DE MEDITACI\u00d3N<\/h2>\n<div class=\"article-p\"><\/div>\n<p>&nbsp;<\/p>\n<h2>V\u00c1MONOS CON LA DRA. KAZUKO!!!<br \/><span style=\"font-size:12pt\">(Programa varia, por favor preguntar)<\/span><\/h2>\n<div class=\"article-p\">\nA Jap\u00f3n: En busca de la curaci\u00f3n hol\u00edstica, cultura y espiritualidad. Aprenda Shinto y el Budismo japon\u00e9s. Turismo en Kioto, Nara, el Monte Fuji y una experiencia especial en el manantial de agua caliente con azufre.<br \/>\nA Brasil: Cuidaba, Sao Paulo, las Amazonas para aprender Hierbas, Sanamiento, Turismo de las cataratas mas grandes, IGUASSU<br \/>\nA Cuba:<br \/>\nA Mexico: Azteca Antiguo, cultura Maya y Sanamiento<br \/>\nA Peru:<br \/>\nA India: Yoga Ashram, vistas Buda, aprender Budismo Tibetano y Medicina\n<\/div>\n<p>&nbsp;<\/p>\n<h2>DR. KAZUKO HILLYER TATSUMURA <span style=\"font-size:12pt\">JULY 2015<\/span><\/h2>\n<div class=\"article-p\">\nKAZUKO HILLYER TATSUMURA, Ph.D., O.M.D. se gradu\u00f3 de la Academia Toho de M\u00fasica de Tokio, como pianista y compositora. Invitada por la Sinf\u00f3nica de Boston, lleg\u00f3 a los Estados Unidos en 1961 como una de las primeras mujeres japonesas. Luego recibi\u00f3 una Maestria de Arte de la Universidad de New York y termino sus cr\u00e9ditos de Doctorado en Filosof\u00eda en 1965. Tatsamura luego se volvi\u00f3 hacia una carrera independiente y se convirti\u00f3 en una impresaria\/productora internacional cl\u00e1sica y cultural de gran reconocimiento. Hasta 1992, ella produjo un promedio de 2,000 eventos culturales cada a\u00f1o, viajando a mas de 140 pa\u00edses. Le han presentado numerosos premios por su trabajo, muchos por causas humanitarias.\n<\/div>\n<div class=\"article-p\">\nDesde la infancia, Tatsumura mostr\u00f3 un fuerte inter\u00e9s en la medicina. Su inter\u00e9s en ayudar a la gente con sus problemas de salud siempre ha sido su pasi\u00f3n. En esta b\u00fasqueda estudi\u00f3 medicina oriental tradicional en Jap\u00f3n, Corea, Taiw\u00e1n y China. En 1994, recibi\u00f3 su Grado en Medicina Oriental (O.M.D.) de la Academia Internacional de Educaci\u00f3n en Tokio. Ella estableci\u00f3 el Centro de Salud Hol\u00edstica Okido en 1994 y en el velorio de la tragedia del 11 de Septiembre, el Centro Hol\u00edstico GAIA en la ciudad de Nueva York en 2001, basado principalmente en la sabidur\u00eda de Oriente.\n<\/div>\n<div class=\"article-p\">\nUna de las terapias m\u00e1s exitosas que la Dra. Tatsumura ha desarrollado es <b><u>la Terapia Onnetsu (calor) de los Rayos Infrarrojos Lejanos<\/u><\/b>, que se basa en la combinaci\u00f3n de el antiguo concepto japon\u00e9s de calor del cuerpo interior y la tecnolog\u00eda moderna del rayo infrarrojo lejano del Sol como su energ\u00eda curativa, originalmente descubierto por la NASA en la d\u00e9cada de 1960. La Terapia Onnetsu de los Rayos Infrarrojos Lejanos se ha encontrado para ser una terapia alternativa notable para el c\u00e1ncer y otras enfermedades degenerativas.\n<\/div>\n<div class=\"article-p\">\n<b><u>Dr.Kazuko Tatsumura como ponente en el Congreso Mundial de Salud Hol\u00edstica (lista parcial):<\/u><\/b><\/p>\n<table class=\"listtable\">\n<tr>\n<td>Lima, Peru<\/td>\n<td>I  Congreso Nacional de MedicinaTradicional Alternativa Y Complementaria, Nov. 2011<\/td>\n<\/tr>\n<tr>\n<td>Florencia, Italia<\/td>\n<td>Congreso Europeo De Medicina Integrativa,  Sept. 2012<\/td>\n<\/tr>\n<tr>\n<td>Lima, Peru<\/td>\n<td>II Congreso Latinoamericano De Medicina Integrativa,  Nov. 2013<\/td>\n<\/tr>\n<tr>\n<td>Puebla, Mexico<\/td>\n<td>4to Congreso Internacional De Medicina Alternativa, Ene. 2014<\/td>\n<\/tr>\n<tr>\n<td>Belgrade, Serbia<\/td>\n<td>7mo Congreso Europeo De Medicina Integrative en Serbia, Oct. 2014<\/td>\n<\/tr>\n<tr>\n<td>Puebla, Mexico<\/td>\n<td>5to  Congreso Internacional de Medicina Alternativa, Ene. 2015.<\/td>\n<\/tr>\n<tr>\n<td>Mexico, Mexico<\/td>\n<td>1er  Congreso de Alternativas M\u00e9dicas y Terapias Terreno,  Jul. 2015<\/td>\n<\/tr>\n<tr>\n<td>Habana, Cuba<\/td>\n<td>Congreso Europeo De Medicina Integrativa,  Sept. 2012<\/td>\n<\/tr>\n<tr>\n<td>Lima, Peru<\/td>\n<td>Congreso Internacional \/ Hierba y Terapia Onnetsu, Sep.1-5 2015<\/td>\n<\/tr>\n<tr>\n<td style=\"width:125px\">Los Angeles, EUA<\/td>\n<td>49th Convenci\u00f3n De La Sociedad del Control de C\u00e1ncer, Sep. 5-8, 2015<\/td>\n<\/tr>\n<\/table>\n<\/div>\n<div class=\"article-p\">\nDr. Kazuko Tatsumura ha escrito numerosos art\u00edculos y ha sido co-autor de varios libros, &#8220;La superaci\u00f3n del c\u00e1ncer y otras enfermedades de una manera hol\u00edstica&#8221; ( Con Tomeko Mitsui ),  Tu Revoluci\u00f3n inmunol\u00f3gico y curaci\u00f3n de su poder curativo&#8221; (con Toru Abo, MD).\n<\/div>\n<div class=\"article-p\">\nDr.Kazuko Tatsumura puede ser contactada en su oficina en la Ciudad de Nueva York<br \/>\n212-799-9711, p\u00e1gina web www.gaiaholistic.com y correo electr\u00f3nico kazuko@gaiaholistic.com.\n<\/div>\n<p>&nbsp;<\/p>\n<h2>DIRECTORA Y FUNDADORA DE GAIA HOLISTIC: DRA. KAZUKO HILLYER TATSUMURA<\/h2>\n<div class=\"article-p\">\n<div><em id=\"__mceDel\"><em id=\"__mceDel\"><img loading=\"lazy\" decoding=\"async\" class=\"alignleft\" alt=\"\" src=\"https:\/\/gaiaholistic.com\/wp-content\/themes\/gaiaholistichealth\/images\/img03.jpg\" width=\"90\" height=\"119\" \/><\/em><\/em><\/div>\n<p>Dr. Tatsumura naci\u00f3 en la familia de renombre de la seda, el Tatsumura de Kioto, Jap\u00f3n . Ella era una c\u00e9lebres impresaria internacional con una contribuci\u00f3n pionera excepcional para avanzar el rendimiento global y las artes culturales, produciendo espect\u00e1culos para l\u00edderes del mundo para conmemorar acontecimientos de importancia hist\u00f3rica mundial, con lo que las artes tradicionales del oriente al mundo occidental, y la apertura de los intercambios culturales entre pa\u00edses sin relaciones diplom\u00e1ticas. Actualmente, es profesora l\u00edder y practicante de la Medicina Oriental, y una defensora de la integraci\u00f3n de la tradici\u00f3n oriental, en la salud y la curaci\u00f3n en el sistema de salud actual. Ella es el Directora Ejecutiva de el C\u00edrculo de GAIA Holistic y actualmente est\u00e1 trabajando para abrir el verdadero Retiro Salud Hol\u00edstica en Long Island, Nueva York, donde toda la salud integral de la mente, cuerpo y esp\u00edritu se estudia y practica . Ella ha estado residiendo en Nueva York desde 1962.\n<\/p><\/div>\n<div class=\"article-p\">\n<div class=\"article-sectionhead\">HONORES SELECTOS Y PREMIOS<\/div>\n<p><img loading=\"lazy\" decoding=\"async\" class=\"alignright\" alt=\"\" src=\"https:\/\/gaiaholistic.com\/wp-content\/themes\/gaiaholistichealth\/images\/img04.jpg\" width=\"193\" height=\"155\" \/><\/p>\n<ol class=\"postlist bullet\" style=\"margin:-25px 0 0 0; padding:0\">\n<li>2003 M\u00e9dico del A\u00f1o, Presidente de Honor, otorgado por el Consejo Asesor de M\u00e9dicos del Comit\u00e9 Republicano Nacional del Congreso, en reconocimiento a los mejores l\u00edderes m\u00e9dicos en los Estados Unidos.<\/li>\n<li>Placa de Honor por Servicio Especialmente Distinguido desde el Gobierno de Francia por haber contribuido en gran medida al desarrollo de la cultura internacional y la religi\u00f3n (2002).<\/li>\n<li>Medalla de Honor Especial del Pr\u00edncipe Fushiminomiya de la Fundaci\u00f3n Cultural de Jap\u00f3n en reconocimiento a su contribuci\u00f3n a la promoci\u00f3n cultural de Jap\u00f3n (2001).<\/li>\n<li>Medalla de Oro al M\u00e9rito Cultural de Viena, Austria.<\/li>\n<li>Honor Especial de la Ciudad de Nueva York por su contribuci\u00f3n en salvar el Teatro Beacon de demolici\u00f3n.<\/li>\n<li>Su Santidad el Dalai Lama, le dio el nombre tibetano Tenzing Yanchen por su trabajo para el pueblo tibetano y su causa desde 1973.<\/li>\n<li>Medalla Smetana de Checoslovaquia.<\/li>\n<li>Tambi\u00e9n recibi\u00f3 medallas y honores de la Alemania Oriental , Corea, Hungr\u00eda y otros pa\u00edses.<\/li>\n<\/ol>\n<\/div>\n<div class=\"article-p\">\n<div class=\"article-sectionhead\">DESTACADOS LOGROS DE SIGNIFICANCIA GLOBAL HIST\u00d3RICA, CULTURAL Y HUMANITARIA <\/div>\n<p>Princesa Grace de M\u00f3naco recitando en el Teatro Beacon con el Pr\u00edncipe Alberto asistiendo. Princesa Grace era la Presidenta de la Sociedad de Artes de Concierto, una fundaci\u00f3n sin fines de lucro que Dra. Hillyer estableci\u00f3 para salvar el Teatro Beacon de la demolici\u00f3n. Construido en 1928 en el estilo art deco de la \u00e9poca, el Teatro Beacon es la \u00fanica estructura de este tipo que queda en Nueva York.\n<\/p><\/div>\n<div class=\"article-p\">\nCon motivo de la visita de Estado del Emperador Hirohito a los Estados Unidos, en el banquete de retorno para el presidente Gerald Ford, ella organiz\u00f3 la m\u00fasica para el Emperador, el Presidente y los hu\u00e9spedes. Ella era la \u00fanica japonesa civil invitada al banquete.\n<\/div>\n<div class=\"article-p\">\nEn 1977, Dra. Hillyer cre\u00f3 la campa\u00f1a de Save the Boat People respondiendo al desaf\u00edo de los refugiados en Asia. Ella organiz\u00f3 manifestaciones en el puerto de Nueva York el  4 de Julio de 1977, y en el Lago de Ginebra, Suiza, durante la Conferencia de Emergencia de las Naciones Unidas sobre los Refugiados.\n<\/div>\n<div class=\"article-p\">\nElla fund\u00f3 Festivales y Eventos Internacionales Inc., una organizaci\u00f3n sin fines de lucro que produce numerosos beneficios para recaudar fondos y conciencia a escala local, nacional y mundial para las v\u00edctimas de la guerra, terremotos, inundaciones, falta de vivienda, la violencia dom\u00e9stica, las drogas y el SIDA.\n<\/div>\n<div class=\"article-p\">\nElla inici\u00f3 el concepto de D\u00eda de las Naciones Unidas para la Infancia, por primera vez en 1977.\n<\/div>\n<div class=\"article-p\">\nElla cre\u00f3 las Naciones Unidas de las Artes con el apoyo de los embajadores de 96 de los pa\u00edses de las Naciones Unidas que prestan el escenario para una presentaci\u00f3n cultural anual en el Teatro Beacon de Nueva York.\n<\/div>\n<div class=\"article-p\">\nEn la conmemoraci\u00f3n del 300 aniversario de la inmigraci\u00f3n alemana en los Estados Unidos, que organiz\u00f3 el rendimiento Carnegie Hall para el presidente Ronald Reagan y el presidente Kari Carstens de Alemania, con el vicepresidente George Bush Jr. tambi\u00e9n asistiendo.\n<\/div>\n<div class=\"article-p\">\nEn el lanzamiento de la primera dama, en la campa\u00f1a de la se\u00f1ora Nancy Reagan &#8220;Just Say NO!&#8221; que lucha contra las drogas, ella organiz\u00f3 el desempe\u00f1o de la Viena Volks Opera en el Centro Kennedy.\n<\/div>\n<div class=\"article-p\">\nEn la celebraci\u00f3n de la Nueva York &#8211; Tokio Ciudades Hermanas quincuag\u00e9simo aniversario, se organiz\u00f3 el programa conmemorativo en el Carnegie Hall.\n<\/div>\n<div class=\"article-p\">\nCon motivo de la primera visita del Sr. Vaclaw Havel de Checoslovaquia a los Estados Unidos, ella produjo la apariencia especial de Nueva York y la producci\u00f3n televisiva especial del evento con celebridades.\n<\/div>\n<div class=\"article-p\">\nEn 1986, abri\u00f3 la Galer\u00eda Internacional  57 en la calle 57 en la ciudad de Nueva York para promover artistas emergentes dignos de Nueva York y la exposici\u00f3n en todo el mundo . Algunas de las exposiciones fueron: Ultramar Artistas de Jap\u00f3n, de Rusia en Am\u00e9rica, Artistas de Grafiti en Nueva York, Ondas J\u00f3venes  de Am\u00e9rica del Sur, Hampton en Invierno , y Asia M\u00edstica, etc.\n<\/div>\n<div class=\"article-p\">\nEn 1992, fund\u00f3 la Okido Holistic Health Center en Nueva York y el Shinkiko Energ\u00eda Curativa &#8211; oficina de Nueva York. Ella comenz\u00f3 a ense\u00f1ar Yoga Okido Japon\u00e9s y Tai Chi, y el trabajo de sanaci\u00f3n energ\u00e9tica pr\u00e1ctica, y dar conferencias, programas de radio y seminarios en diversas modalidades de curaci\u00f3n hol\u00edstica.\n<\/div>\n<div class=\"article-p\">\nEn 2001, ella organiz\u00f3 el primer &#8220;Amanecer de la Compasi\u00f3n&#8221;, una recopilaci\u00f3n en el Monte Fuji , que ha sido aprobado por Su Santidad el Dalai Lama para generar energ\u00eda universal de la compasi\u00f3n y el amor.\n<\/div>\n<div class=\"article-p\">\nEn 2002, la reuni\u00f3n se convirti\u00f3 en parte de la celebraci\u00f3n del &#8221; 2002 A\u00f1o Internacional de las Monta\u00f1as de las Naciones Unidas \u201c. Ahora se ha convertido en un encuentro internacional anual que ocurre cada \u00faltimo domingo del mes de Julio en la salida del sol en Monte Fuji. Consulte &#8220;Salida del sol de la Compasi\u00f3n&#8221; p\u00e1gina web (<a href=\"http:\/\/sunriseofcompassion.com\">http:\/\/sunriseofcompassion.com<\/a>).\n<\/div>\n<div class=\"article-p\">\nEn 2001, fund\u00f3 la GAIA Holistic, Inc. en respuesta a la tragedia del atentado terrorista del World Trade Center el 11 de Septiembre de 2001 para transformar el trauma, el dolor y el sufrimiento de una b\u00fasqueda colectiva de la curaci\u00f3n hol\u00edstica, la salud y la paz universal.\n<\/div>\n<div class=\"article-p\">\nAhora ella esta construyendo un verdadero Spa Hol\u00edstico y centro de estudio en el North Shore de Long Island.\n<\/div>\n","protected":false},"excerpt":{"rendered":"<p>Gaia Holistic Inc. es una fundaci\u00f3n sin fines de lucro bajo ley 501(c)(3) aprobada por el Gobierno Federal de los Estados Unidos (EEUU). Sus donaciones son deducible de impuestos bajo la ley. Gaia Holistic se esfuerza por el mejoramiento y la felicidad de todos los seres sensibles de nuestro planeta, trabajando constantemente para disipar el [&hellip;]<\/p>\n","protected":false},"author":1,"featured_media":0,"parent":0,"menu_order":0,"comment_status":"closed","ping_status":"closed","template":"","meta":{"footnotes":""},"_links":{"self":[{"href":"https:\/\/gaiaholistic.com\/index.php?rest_route=\/wp\/v2\/pages\/1019"}],"collection":[{"href":"https:\/\/gaiaholistic.com\/index.php?rest_route=\/wp\/v2\/pages"}],"about":[{"href":"https:\/\/gaiaholistic.com\/index.php?rest_route=\/wp\/v2\/types\/page"}],"author":[{"embeddable":true,"href":"https:\/\/gaiaholistic.com\/index.php?rest_route=\/wp\/v2\/users\/1"}],"replies":[{"embeddable":true,"href":"https:\/\/gaiaholistic.com\/index.php?rest_route=%2Fwp%2Fv2%2Fcomments&post=1019"}],"version-history":[{"count":32,"href":"https:\/\/gaiaholistic.com\/index.php?rest_route=\/wp\/v2\/pages\/1019\/revisions"}],"predecessor-version":[{"id":1024,"href":"https:\/\/gaiaholistic.com\/index.php?rest_route=\/wp\/v2\/pages\/1019\/revisions\/1024"}],"wp:attachment":[{"href":"https:\/\/gaiaholistic.com\/index.php?rest_route=%2Fwp%2Fv2%2Fmedia&parent=1019"}],"curies":[{"name":"wp","href":"https:\/\/api.w.org\/{rel}","templated":true}]}}