{"id":1153,"date":"2015-09-19T01:43:58","date_gmt":"2015-09-19T01:43:58","guid":{"rendered":"https:\/\/gaiaholistic.com\/?page_id=1153"},"modified":"2015-09-19T02:18:36","modified_gmt":"2015-09-19T02:18:36","slug":"spseminarios-clases-terapias-actividades-y-reportes","status":"publish","type":"page","link":"https:\/\/gaiaholistic.com\/?page_id=1153","title":{"rendered":"<span style=\"display:none\">SP<\/span>Seminarios, Clases, Terapias, Actividades y Reportes"},"content":{"rendered":"<h2>Eventos en oto\u00f1o del 2015 (Tentativo)<\/h2>\n<table class=\"listtable\" cellspacing=\"0\" cellpadding=\"0\">\n<tbody>\n<tr>\n<td style=\"width: 150px;\">18 \u2013 23 de Ago.<\/td>\n<td>Seminarios Fernando Montolo Okido, NY<\/td>\n<\/tr>\n<tr>\n<td>28 de Ago. al 3 de Sept.<\/td>\n<td>Convenci\u00f3n de Lectura y Ense\u00f1anza, Per\u00fa<\/td>\n<\/tr>\n<tr>\n<td>5 \u2013 8 de Sept.<\/td>\n<td>Convenci\u00f3n del Control de C\u00e1ncer, Los Angeles<\/td>\n<\/tr>\n<tr>\n<td>5 \u2013 7 de Sept.<\/td>\n<td>Entrenamiento Onnetsu, Los Angeles<\/td>\n<\/tr>\n<tr>\n<td>7 de Sept.<\/td>\n<td>Lectura en Convenci\u00f3n, Los Angeles<\/td>\n<\/tr>\n<tr>\n<td>8 de Sept.<\/td>\n<td>Symposeum de Doctores, Los Angeles<\/td>\n<\/tr>\n<tr>\n<td>11 \u2013 12 de Sept.<\/td>\n<td>Terapia y Entrenamiento Onnetsu, Tokio<\/td>\n<\/tr>\n<tr>\n<td>15 \u2013 26 de Sept.<\/td>\n<td>India \u2013 Inauguraci\u00f3n del Edificio Acad\u00e9mico del Orfanatorio   Manjushree<\/td>\n<\/tr>\n<tr>\n<td>16 \u2013 18 de Oct.<\/td>\n<td>Entrenamiento de Onnetsu, NY<\/td>\n<\/tr>\n<tr>\n<td>Oct 16-18<\/td>\n<td>Expo New Life \u2013 Hotel Pennsylvania, NY<\/td>\n<\/tr>\n<tr>\n<td>19 \u2013 25 de Oct.<\/td>\n<td>Ense\u00f1anza Onnetsu, Brasil<\/td>\n<\/tr>\n<tr>\n<td>26 \u2013 31 de Oct.<\/td>\n<td>Ense\u00f1anza Onnetsu, Argentina<\/td>\n<\/tr>\n<tr>\n<td>1 \u2013 7 de Nov.<\/td>\n<td>Ense\u00f1anza Onnetsu, Chile<\/td>\n<\/tr>\n<tr>\n<td>14 \u2013 15 de Nov.<\/td>\n<td>Entrenamiento Onnetsu, NY<\/td>\n<\/tr>\n<tr>\n<td>5 \u2013 6 de Dic.<\/td>\n<td>Entrenamiento Onnetsu, NY<\/td>\n<\/tr>\n<\/tbody>\n<\/table>\n<p><!--===========================================================================--><br \/>\n&nbsp;<\/p>\n<h2>Eventos en 2016 (Tentativo)<\/h2>\n<table class=\"listtable\" cellspacing=\"0\" cellpadding=\"0\">\n<tbody>\n<tr>\n<td style=\"width: 150px;\">6 \u2013 7 de Feb.<\/td>\n<td>Entrenamiento Onnetsu, NY<\/td>\n<\/tr>\n<tr>\n<td>5 \u2013 6 de Mar.<\/td>\n<td>Entrenamiento Onnetsu, NY<\/td>\n<\/tr>\n<tr>\n<td>6 \u2013 24 de Mar.<\/td>\n<td>Jap\u00f3n<\/td>\n<\/tr>\n<tr>\n<td>11 \u2013 13 de Mar.<\/td>\n<td>Entrenamiento Onnetsu, Jap\u00f3n<\/td>\n<\/tr>\n<tr>\n<td>17 \u2013 18 de Mar.<\/td>\n<td>Lectura, Jap\u00f3n (Ser\u00e1 determinado)<\/td>\n<\/tr>\n<tr>\n<td>25 \u2013 27 de Mar.<\/td>\n<td>Expo New Life, NY<\/td>\n<\/tr>\n<tr>\n<td>2 \u2013 3 de Abr.<\/td>\n<td>Entrenamiento Onnetsu, NY<\/td>\n<\/tr>\n<tr>\n<td>7 \u2013 8 de May.<\/td>\n<td>Entrenamiento Onnetsu, NY<\/td>\n<\/tr>\n<tr>\n<td>3 \u2013 21 de Jun.<\/td>\n<td>Jap\u00f3n<\/td>\n<\/tr>\n<tr>\n<td>4 \u2013 5 de Jun.<\/td>\n<td>Entrenamiento Onnetsu, Jap\u00f3n<\/td>\n<\/tr>\n<tr>\n<td>16 \u2013 17 de Jun.<\/td>\n<td>Lectura, Jap\u00f3n (Ser\u00e1 determinado)<\/td>\n<\/tr>\n<tr>\n<td>9 \u2013 10 de Jul.<\/td>\n<td>Entrenamiento Onnetsu, NY<\/td>\n<\/tr>\n<tr>\n<td>9 \u2013 27 de Sept.<\/td>\n<td>Jap\u00f3n<\/td>\n<\/tr>\n<tr>\n<td>10 \u2013 11 de Sept.<\/td>\n<td>Terapia y Entrenamiento Onnetsu, Jap\u00f3n<\/td>\n<\/tr>\n<tr>\n<td>15 \u2013 16 de Sept.<\/td>\n<td>Lectura, Jap\u00f3n (Ser\u00e1 determinado)<\/td>\n<\/tr>\n<\/tbody>\n<\/table>\n<p><!--===========================================================================--><br \/>\n&nbsp;<\/p>\n<h2>Reporte desde Cuba:<\/h2>\n<div>\n<table class=\"imgtable\" style=\"float: left; margin: 0 10px 10px 0;\">\n<tbody>\n<tr>\n<td style=\"width: 350px;\">\n<div style=\"background: url('https:\/\/gaiaholistic.com\/wp-content\/uploads\/2015\/08\/Seminar-ReportCuba-1.jpg') no-repeat; background-size: 350px; width: 350px; height: 185px;\" onclick=\"window.location='https:\/\/gaiaholistic.com\/wp-content\/uploads\/2015\/08\/Seminar-ReportCuba-1.jpg'\"><\/div>\n<div style=\"background: url('https:\/\/gaiaholistic.com\/wp-content\/uploads\/2015\/08\/Seminar-ReportCuba-2.jpg') no-repeat; background-size: 350px; width: 350px; height: 185px;\" onclick=\"window.location='https:\/\/gaiaholistic.com\/wp-content\/uploads\/2015\/08\/Seminar-ReportCuba-2.jpg'\"><\/div>\n<div style=\"font-size: 9pt; margin-bottom: 10px;\"><i>Dra. Kazuko Tatsumura y el Ministro de Salud, Cuba con otros miembros en el primer d\u00eda del Primer Congreso Internacional de Terapia Onnetsu Marzo 10, 2015<\/i><\/div>\n<div style=\"background: url('https:\/\/gaiaholistic.com\/wp-content\/uploads\/2015\/08\/Seminar-ReportCuba-3.jpg') no-repeat; background-size: 350px; width: 350px; height: 185px;\" onclick=\"window.location='https:\/\/gaiaholistic.com\/wp-content\/uploads\/2015\/08\/Seminar-ReportCuba-3.jpg'\"><\/div>\n<div style=\"font-size: 9pt;\"><i>Dra. Tatsumura ense\u00f1ando a m\u00e1s de 100 onc\u00f3logos y MDs, Marzo 9, 2015<\/i><\/div>\n<\/td>\n<\/tr>\n<\/tbody>\n<\/table>\n<p>Recientemente la Dra. Kazuko Tatsumura y su terapia Onnetsu recibieron grandes reconocimientos en Cuba.<\/p>\n<p>El primer Congreso Onnetsu Internacional de Terapia se celebr\u00f3 el 10 al 13 marzo, 2015 en La Habana, Cuba, en el principal Sal\u00f3n de Convenciones en conjunto con el Bionat quinto (Convenci\u00f3n de Medicina de Bioenerg\u00eda y Naturaleza), patrocinado por el Ministerio de Salud, Ministerio de Agricultura y Sociedad Cubana de Bioenerg\u00eda y la Naturaleza. Dra. Kazuko y otros MDs presentaron casos. El Congreso se inaugur\u00f3 con los discursos entre ellos el Ministro de Salud, el Sr. Roberto Morales Ojeda. Luego la Dra. Kazuko Tatsumura presenta en detalle las teor\u00edas y m\u00e9todos de la Terapia Onnetsu. Seguido de muchos casos interesantes y resultados de la Terapia Onnetsu en los distintos hospitales de La Habana. La asistencia fue bastante m\u00e1s de 1500 en el sal\u00f3n principal del prestigioso Palacio de Conferencia de Cuba y Terapia Onnetsu caus\u00f3 mucha atenci\u00f3n.<\/p>\n<p>Antes del congreso, el 9 de Marzo, la Dra. Tatsumura ense\u00f1\u00f3 a m\u00e1s de 100 onc\u00f3logos y MD. Este evento se pidi\u00f3 especialmente por el hecho de que hab\u00eda casos de c\u00e1ncer muy impresionantes utilizando Terapia Onnetsu en ensayos hospitalarios. Hubo 40 casos de c\u00e1ncer y 38 de ellos producen resultados notables. Debido a este gran \u00e9xito, la Dra. Tatsumura fue invitada a participar en la pr\u00f3xima Convenci\u00f3n de Medicina Hol\u00edstica de Cuba de nuevo. El primer d\u00eda del programa con algunas fotos se presentan abajo.<\/p>\n<p><span style=\"text-decoration: underline;\">El horario tentativo y otras conferencias; Onnetsu Seminarios y Conferencias:<\/span> Esta ser\u00e1 la misma conferencia muy importante dada en Cuba a MD y profesionales, seguida de sus &#8220;manos en&#8221; la ense\u00f1anza del m\u00e9todo. Cualquiera es bienvenido.\n<\/div>\n<p><!--===========================================================================--><br \/>\n&nbsp;<\/p>\n<h2>Noticias muy Emocionantes!!<br \/>\nInvitaci\u00f3n Especial a Cuba en Marzo, 2015<\/h2>\n<p><span style=\"text-decoration: underline;\">Terapia de Rayos Infrarrojos Lejanos ONNETSU<\/span> is finally <span style=\"color: #000000;\">fast<\/span> esta finalmente en r\u00e1pido crecimiento en todo el mundo. Acabo de presentar el documento sobre Terapia Onnetsu en el s\u00e9ptimo Congreso Anual de Medicina Integrativa Europea en Serbia. En Cuba, he ense\u00f1ado a m\u00e1s de 70 doctores en medicina. Tenemos investigaciones hospitalarias pasando en Cuba, M\u00e9xico y Per\u00fa.<\/p>\n<p><span style=\"color: #000000;\"><span style=\"text-decoration: underline;\"><span style=\"color: #ff0000; text-decoration: underline;\">En La Habana, en el momento del quinto Congreso Natural Medicina de Cuba, se nos invita a celebrar el Primer Congreso Internacional de TERAPIA ONNETSU en Marzo 9-13 de 2015. En el congreso, me gustar\u00eda que usted presente casos extraordinarios hol\u00edsticos curativos en el campo de Medicina Natural. Nos gustar\u00eda recomendar su presentaci\u00f3n para el programa de la conferencia. Si lo desea, puede presentar sus trabajos para esta conferencia para su futuro profesional. Usted ser\u00e1 reconocido y certificado. Usted no tiene que ser doctor en medicina. Nuestros espacios son limitados.<\/span>\u00a0<span style=\"color: #ff0000;\">Our Spaces are limited. <span style=\"text-decoration: underline;\">Por favor llame al 212 799 9711 o por mande un correo electr\u00f3nico a kazuko@gaiaholistic.com.<\/span><\/span><\/span><span style=\"color: #ff0000;\">.<\/span><\/p>\n<p>Como ustedes saben, Cuba es el pa\u00eds de primera clase en el mundo en el campo de la medicina, pero sigue siendo dif\u00edcil de visitar a los ciudadanos de Estados Unidos. Usted ser\u00e1 invitado y no habr\u00e1 ning\u00fan problema. Cuba es un fant\u00e1stico pa\u00eds para visitar, especialmente ahora.  Arte, cultura, su belleza , y las personas v\u00edrgenes muy especiales&#8230; Ahora es el momento de hacer una visita significativa&#8230;<\/p>\n<p><em>Con profunda gratitud y compasi\u00f3n, la Dra. Kazuko Tatsumura, Gaia Holistic Health Inc.<\/em><br \/>\n<!--===========================================================================--><br \/>\n&nbsp;<\/p>\n<h2>Terapia Infrarroja Onnetsu y Clases de Entrenamiento<\/h2>\n<p>Todos los seres vivos nacen con el poder de autocuraci\u00f3n que trabaja constantemente hacia la recuperaci\u00f3n de las condiciones insalubres. La clave para restaurar o fortalecer este poder de auto-sanaci\u00f3n es cultivar 1) un estado saludable, positivo de la mente, 2) la circulaci\u00f3n de la sangre y fluidos corporales, y 3) el flujo de Ki- fuerza de la vida en todo nuestro cuerpo.<\/p>\n<p>Seg\u00fan la NASA, infrarrojo lejano (5 ~ 25 micras , o incluso 8 ~ 14 de los espectros infrarrojos del sol) es absolutamente necesario y esencial para el crecimiento de las c\u00e9lulas vivas sanas. Sorprendentemente, se mide a ser muy similar a la vibraci\u00f3n de nuestra fuerza de vida saludable o Ki.<\/p>\n<p>Terapia Onnetsu de Infrarrojo Lejano utiliza una m\u00e1quina de mano muy \u00fanica creada en Jap\u00f3n y se basa en la ciencia moderna de la FIR y el antiguo concepto japon\u00e9s tradicional que nuestras c\u00e9lulas no saludables son fr\u00edas debido a la falta de energ\u00eda. Durante el tratamiento Onnetsu, buscamos y aplicamos la m\u00e1quina para el tratamiento de las partes fr\u00edas muy dentro de nuestro cuerpo (FIR llega a 4 pulgadas de profundidad). El tratamiento Onnetsu revive la funci\u00f3n del sistema nervioso aut\u00f3nomo mediante el equilibrio de los nervios simp\u00e1ticos y parasimp\u00e1ticos, la promoci\u00f3n de circulaciones de sangre, la hormona, otros fluidos corporales y el flujo de Ki. Al mejorar la calidad de los gl\u00f3bulos blancos, que mejora el sistema inmunol\u00f3gico o el poder de autocuraci\u00f3n, y el metabolismo, el fortalecimiento de la vitalidad de Cuerpo y Mente saludable. Desde esta terapia se basa en la mejora de la propia energ\u00eda curativa, es natural e inofensivo y no tiene ning\u00fan efecto secundario. Si se practica correctamente, tales condiciones no saludables mejorar\u00e1n dram\u00e1ticamente: dolores (hombro, espalda, est\u00f3mago, cabeza, la rodilla, articulaciones, m\u00fasculos, etc&#8230;) la fatiga, estre\u00f1imiento, reumatismo, problemas de la piel, lesiones deportivas, diabetes, hepatitis, problemas renales, c\u00e1ncer , y otros problemas dif\u00edciles.<\/p>\n<p>Para practicar la terapia Onnetsu efectivamente, se necesita tener conocimientos b\u00e1sicos de anatom\u00eda y Meridian. Las clases proporcionar\u00e1n los conocimientos b\u00e1sicos y profundos y la formaci\u00f3n pr\u00e1ctica. Para ayudar a la familia y amigos, hay que tener B\u00e1sica 1 y 2, y Anatom\u00eda. Para obtener la certificaci\u00f3n, es necesario el conocimiento meridiano, extensa formaci\u00f3n pr\u00e1ctica, cursos Avanzada A &#038; B, adem\u00e1s de la asistencia al Seminario Anual de Energ\u00eda Okido Shinkiko.<\/p>\n<p>Para estar certificado como un facultado Onnetsu, uno debe cumplir con los siguientes requisitos:<\/p>\n<ol class=\"postlist bullet\">\n<li>Anatom\u00eda B\u00e1sica y Onnetsu B\u00e1sico 1 y 2<\/li>\n<li>Meridian B\u00e1sico y Onnetsu Advance A y B<\/li>\n<li>Seminario Retiro Anual Shinkiko \/ Okido<\/li>\n<li>40 horas de aprendizaje<\/li>\n<\/ol>\n<p><strong>Anatom\u00eda B\u00e1sica y Onnetsu B\u00e1sico 1 y 2 \u2013 <a href=\"https:\/\/gaiaholistic.com\/?page_id=8\">Favor llamar <\/a> para precio actualizado<\/strong><br \/>\n<strong> Onnetsu Avanzado A y B &#8211; <a href=\"https:\/\/gaiaholistic.com\/?page_id=8\">Favor llamar <\/a> para precio actualizado<\/strong><\/p>\n<p>Observe la p\u00e1gina <a href=\"https:\/\/gaiaholistic.com\/?page_id=16\">Tratamiento y Producto<\/a> para m\u00e1s informaci\u00f3n sobre <a href=\"https:\/\/gaiaholistic.com\/?page_id=16\">Infrarrojo Lejano y m\u00e1quinas.<\/a>.<\/p>\n<div class=\"tableofcontents\"><strong>Horario Onnetsu<\/strong><br \/>\nLas clases se llevan a cabo mensualmente en la primera semana en Nueva York, lugar que se anunciar\u00e1. Para otras ciudades y en todo el mundo , por favor pregunte en +1 212.799.9711 NCCAOM CR\u00c9DITO 18 puntos \u2013 Llamar para precio<\/i><\/div>\n<p><!--===========================================================================--><br \/>\n&nbsp;<\/p>\n<h2>26\u00aa Retiro Okido Japon\u00e9s Anual \/ Seminario Shinkiko Junio 14 \u2013 16, @ Menla, NY<\/h2>\n<p>Creando milagros en las vidas de tanta gente. Facultades internacionales incre\u00edbles. \u201cuna experiencia que cambia la vida\u201d C.M.<\/p>\n<p>Este seminario es para todos. Vamos a aprender a vivir una vida feliz y saludable a trav\u00e9s de Okido (Yoga japonesa basada en el sinto\u00edsmo, budismo y otras disciplinas orientales) y Shinkiko (curaci\u00f3n de la mente y el cuerpo con Ki- Chi). Nuestro objetivo es que los participantes puedan obtener una experiencia clara de la relaci\u00f3n entre la mente y el mundo material, y sentir c\u00f3mo los cambios en la mente realmente cambian nuestros cuerpos y vidas. Esto se lograr\u00e1 a trav\u00e9s de conferencias, ejercicios, tratamientos, armonizar y unificar nuestra respiraci\u00f3n, la mente &#8211; conciencia y el cuerpo, mientras experimentando y moviendo nuestro Ki.<\/p>\n<p>NCCAOM CREDITO. 31 puntos<\/p>\n<p><strong>Que puede incluir su experiencia:<\/strong><br \/>\nFilosof\u00eda oriental y diagn\u00f3stico, el yoga integral Okido japon\u00e9s , buscando los aspectos positivos, ejercicios especiales de respiraci\u00f3n, mejora la vista del ojo, la pr\u00e1ctica de la meditaci\u00f3n, Terapia Onnetsu de los Rayos Infrarrojos Lejanos , Shinkiko Armonizaci\u00f3n: la purificaci\u00f3n de fusi\u00f3n Ki de cuerpo, mente y esp\u00edritu de sanaci\u00f3n a trav\u00e9s de puntos de relaci\u00f3n cuerpo, diversas t\u00e9cnicas para aliviar el dolor y el estr\u00e9s, Okido concepto de alimentos, comidas vegetarianas , Shinkiko para las relaciones personales y las finanzas.<\/p>\n<p><em><a href=\"https:\/\/gaiaholistic.com\/wp-content\/uploads\/2013\/03\/ki.png\"><img loading=\"lazy\" decoding=\"async\" class=\"alignleft size-full wp-image-189\" alt=\"ki\" src=\"https:\/\/gaiaholistic.com\/wp-content\/uploads\/2013\/03\/ki.png\" width=\"100\" height=\"104\" \/><\/a><\/em><strong>Algunos de los grandes comentarios por previos participantes del Seminario Okido\/Shinkiko:<\/strong><br \/>\n \u201cEl Seminario Okido Shinkiko fue la experiencia mas esclarecedora en mi vida. Estoy eternamente agradecido.\u201d \u2013 D.L. <\/p>\n<p>\u201cEste taller fue una experiencia que cambia la vida. Disfrut\u00e9 de todos los aspectos de las ense\u00f1anzas, sanidades, y la vinculaci\u00f3n con los participantes &#8221; . \u2013C.M.<\/p>\n<p>&#8220;Una experiencia incre\u00edble, maestros amorosos y gente amable&#8230;una base maravillosa para el auto- descubrimiento y el empoderamiento &#8221; \u2013J.G.<br \/>\n<!--===========================================================================--><br \/>\n&nbsp;<\/p>\n<h2>KANREN-BUI \u2013 Relaci\u00f3n Misteriosa del Cuerpo por Master Montoto<\/h2>\n<p>Kanrenbui es una t\u00e9cnica que se ha utilizado en Jap\u00f3n desde tiempos antiguos, utilizando puntos de relaci\u00f3n del cuerpo para mejorar nuestro flujo de energ\u00eda vital. Estos puntos pueden ser tratados mediante el ajuste de la postura del cuerpo y que se extiende por el movimiento de la aguja o presi\u00f3n del dedo. Usted experimentar\u00e1 c\u00f3mo esta antigua t\u00e9cnica funciona y desarrolla ligereza y equilibra nuestro cuerpo y mente en nuestra vida cotidiana moderna. Este tratamiento mejora su salud, crea la mente natural y conecta cuerpo y la mente, sintiendo su energ\u00eda y fuerza de vida.<\/p>\n<p>Usted puede aprender la terapia de energ\u00eda de conformidad de las normas de puntos de relaci\u00f3n cuerpo y puede aplicar esta t\u00e9cnica en varias dolencias, malestares y enfermedades espec\u00edficamente. Despu\u00e9s de 25 a\u00f1os de experiencia Maestr\u00eda Montoto todav\u00eda est\u00e1 sorprendido de que esos puntos pueden tratar una gran cantidad de s\u00edntomas como el dolor de espalda, problemas digestivos , dolor de cabeza, etc. tambi\u00e9n.<\/p>\n<p>Largo esperado este curso intensivo de 3 d\u00edas en Nueva York le da la oportunidad de aprender el conocimiento profundo y t\u00e9cnica pr\u00e1ctica para curarlo a usted y sus pacientes.<\/p>\n<p><em><strong>Fernando Montoto<\/strong> Entrenado y vivi\u00f3 con Masahiro Oki en Jap\u00f3n en 1983-1984 y se convirti\u00f3 en el personal de Oki Yoga Doj , entonces introdujo la t\u00e9cnica de la medicina oriental en los pa\u00edses de Am\u00e9rica Latina. Actualmente reside en S\u00e3o Paulo, Brasil, que tiene programas de capacitaci\u00f3n y provee servicios tambi\u00e9n en Cuiab\u00e1 (Mato Grosso) y Brusque (Santa Catarina) con regularidad. Ha sido profesor de su t\u00e9cnica en la India, Taiw\u00e1n, Jap\u00f3n y otros pa\u00edses. \u00c9l es un conocido autor de libros en portugu\u00e9s y en ingl\u00e9s.<\/em><br \/>\n<!--===========================================================================--><br \/>\n&nbsp;<\/p>\n<h2>Clases Hari Tradicionales Japoneses<\/h2>\n<p><strong>Ampl\u00ede su pr\u00e1ctica en una nueva dimensi\u00f3n.<\/strong><\/p>\n<p><strong>Aprenda algo que no se aprende en una escuela normal de la acupuntura.<\/strong><\/p>\n<p><strong>El \u00fanico curso certificado de acupuntura japonesa completa en NY, impartido por el instructor T. Koei Kuwahara Lic. Ac.<\/strong><\/p>\n<p>Usted aprender\u00e1 muchos aspectos nuevos y enfoques para la curaci\u00f3n. Vas a agudizar su intuici\u00f3n y aprender a desarrollar y utilizar la intenci\u00f3n mental para armonizar exceso y el defecto a trav\u00e9s de m\u00e9todos \u00fanicos japoneses Hari. Tambi\u00e9n aprender\u00e1n a identificar la conexi\u00f3n de energ\u00eda en el cuerpo y encontrar los puntos m\u00e1s eficaces y espec\u00edficos para cada paciente individual. Amplio tiempo de seminario se utiliza para las manos en el entrenamiento y la retroalimentaci\u00f3n del Sr. Kuwahara y sus ayudantes para producir resultados en su cl\u00ednica. Pregunte por tarifas y horarios. Para la certificaci\u00f3n, es necesario tambi\u00e9n Seminario Okido \/ Shinkiko.<\/p>\n<p><strong>Lo que aprender\u00e1:<\/strong> Punto culminante: Hara Intimo, de seis posiciones calidad del pulso DX, selecci\u00f3n y ubicaci\u00f3n de puntos en vivo, DX Ki- biorretroalimentaci\u00f3n, t\u00e9cnicas Ki de aguja no-insertivas Ki, pedi\u00e1tricos japoneses, derramamiento de sangre y m\u00e1s.<\/p>\n<p><strong>Experiencia centrada tipo de Acu- educaci\u00f3n.<\/strong> &#8220;Despu\u00e9s de tomar el curso con Kuwahara sensei , mis tratamientos se hicieron mucho m\u00e1s eficaces. Ahora uso m\u00e1s puntos pero menos agujas. El resultado es incre\u00edble. &#8220;Mar\u00eda Gorens , NY L.Ac.<\/p>\n<p><strong>Prerrequisito:<\/strong> curso de nivel de Postgrado de acupuntura. Para aquellos que no tienen certificado acreditable en la acupuntura, ofrecemos Anatom\u00eda B\u00e1sica Intensiva y Sistema Meridian B\u00e1sico.<\/p>\n<p>T. Koei Kuwahara es el Presidente de la Sociedad Hari de EE.UU., Ass. Profesor del departamento de japon\u00e9s, NESA .Directora Culia KI CL\u00cdNICA INC ., en Boston. Ha ense\u00f1ado en todo el mundo durante m\u00e1s de 25 a\u00f1os y cuenta con amplia experiencias cl\u00ednicas.<br \/>\n<!--===========================================================================--><br \/>\n&nbsp;<\/p>\n<h2>Entrenamiento Medico Tibetano Tradicional<\/h2>\n<p>La medicina tradicional tibetana se aproxima a la salud de manera integral; cambiante de la dieta y estilo de vida, la toma de medicamentos a base de hierbas, equilibrar el cuerpo y la mente, y as\u00ed sucesivamente. \u00danase a nosotros en este seminario de formaci\u00f3n \u00fanico que le da una comprensi\u00f3n m\u00e1s profunda de la salud f\u00edsica, mental y espiritual.<\/p>\n<p>Lo que aprender\u00e1 : un enfoque hol\u00edstico de la salud en la tradici\u00f3n tibetana y la filosof\u00eda budista de la vida, la relaci\u00f3n entre la mente y el cuerpo, las hierbas medicinales, el examen del pulso, y m\u00e1s.<\/p>\n<p>Dr. Tenzing Dakpa es un m\u00e9dico tibetano que ha estado ayudando a la gente de todo el mundo con su amplio conocimiento y experiencia de la medicina tradicional tibetana. Tambi\u00e9n ha escrito libros e impartido numerosos seminarios para compartir esta antigua sabidur\u00eda con las personas que buscan una manera m\u00e1s sana de vivir con cuerpo y mente en armon\u00eda. Algunos de sus logros : un m\u00e9dico residente en la Cl\u00ednica Branch Nizamuddin en Nueva Delhi, India y Pokhara, Nepal. Un Asistente T\u00e9cnico Especial del Director y miembro y secretario de la Comisi\u00f3n de Medicina y astrol\u00f3gico de Alto Nivel tibetano en Hombres &#8211; Tsee &#8211; Khang en Dharamsala. Asesor Residente tibetana Salud en el Buda de la Medicina Healing Center en Spring Green, Wisconsin, y el becario de Investigaci\u00f3n en Medicina Alternativa y miembro honorario del Centro de Asia del Sur, la Universidad de Wisconsin, Madison, WI, y un coordinador de Programa de Medicina Tibetana del Tibet Center, Chicago, IL.<br \/>\n<!--===========================================================================--><br \/>\n&nbsp;<\/p>\n<h2>V\u00e1monos con la Dra. Kazuko!<\/h2>\n<p><em> (programas var\u00edan cada a\u00f1o)<\/em><\/p>\n<p>En sus numerosos viajes al extranjero, la Dra. Kazuko a veces permite un peque\u00f1o grupo de personas, 6 a lo m\u00e1ximo, a venir. Esto no es un viaje organizado normal, pero usted encontrar\u00e1 beneficio inconmensurable. Ella incluye algunas visitas tur\u00edsticas. Las siguientes son mayormente anual,  <a href=\"https:\/\/gaiaholistic.com\/?page_id=8\">por favor preguntar<\/a> por las tarifas y fechas.<\/p>\n<p><strong>Para Jap\u00f3n:<\/strong> En busca de la curaci\u00f3n hol\u00edstica, la cultura y la espiritualidad. Aprenda sinto\u00edsta, japon\u00e9s Kioto turismo budismo, Nara, Mt. Fuji para asistir a la salida del sol de la Compasi\u00f3n, y una experiencia especial de aguas termales.<br \/>\n<strong>Para Brasil:<\/strong>  Cuiab\u00e1, San Paolo, el Amazonas.  Aprender hierbas de curaciones, visitando Jon de Dios. Turismo.<br \/>\n<strong>Para M\u00e9xico:<\/strong> Ancient Aztech, la cultura maya y la curaci\u00f3n.<br \/>\n<strong>Para la India:<\/strong> Ashram Yoga, Buda lugares, aprender budismo tibetano y Medicina. Dharamsala tor Su Santidad Dalai Lama para visitar, Orfanato Manjushree en la aldea de Tibetian remoto &#8211; trabajo voluntario.<\/p>\n<p>Usted puede sugerirle a la Dra. Kazuko adonde desea ir.<br \/>\n<!--===========================================================================--><br \/>\n&nbsp;<\/p>\n<h2>Unase al CIRCULO GAIG HOLISTIC<\/h2>\n<p>El prop\u00f3sito de este c\u00edrculo es unir a todos los que puede enviar la compasi\u00f3n consciente para otros. Apoyamos proyectos de los miembros para buenas causas. Los miembros reciben diversos descuentos e invitaciones especiales a los eventos.<\/p>\n<p>Miembro Crystal \u2014 <a href=\"https:\/\/gaiaholistic.com\/?page_id=8\">Por favor llame<\/a> para los precios actualizados<br \/>\nMiembro Mandala \u2014 <a href=\"https:\/\/gaiaholistic.com\/?page_id=8\">Por favor llame<\/a> para los precios actualizados<br \/>\nJunto con 3 amigos compasivos \u2013 <a href=\"https:\/\/gaiaholistic.com\/?page_id=8\">Por favor llame<\/a> para los precios actualizados<br \/>\n<!--===========================================================================--><br \/>\n&nbsp;<\/p>\n<h2>POL\u00cdTICA Y PROCEDIMIENTOS PARA PAGOS Y REEMBOLSOS<\/h2>\n<p>Centro de Salud Gaia Holistic ofrece a los participantes la oportunidad de mejorar su desarrollo espiritual y la salud f\u00edsica. Animamos a los participantes a explorar la idea de que el dinero toma la forma de una energ\u00eda espiritual potente llamado &#8220;gratitud&#8221;.<\/p>\n<p>En gratitud a nuestros participantes nos gusta recibir 20 % de dep\u00f3sito a la aplicaci\u00f3n con profunda gratitud de nosotros a su inter\u00e9s. Pedimos a los participantes que pagar tasas en su totalidad de los treinta d\u00edas anteriores al seminario o taller salvo acuerdo en contrario entre nosotros. Devolvemos el dinero treinta d\u00edas antes de seminario con una notificaci\u00f3n por escrito para nosotros excluyendo el dep\u00f3sito.<\/p>\n","protected":false},"excerpt":{"rendered":"<p>Eventos en oto\u00f1o del 2015 (Tentativo) 18 \u2013 23 de Ago. Seminarios Fernando Montolo Okido, NY 28 de Ago. al 3 de Sept. Convenci\u00f3n de Lectura y Ense\u00f1anza, Per\u00fa 5 \u2013 8 de Sept. Convenci\u00f3n del Control de C\u00e1ncer, Los Angeles 5 \u2013 7 de Sept. Entrenamiento Onnetsu, Los Angeles 7 de Sept. Lectura en [&hellip;]<\/p>\n","protected":false},"author":1,"featured_media":0,"parent":0,"menu_order":0,"comment_status":"closed","ping_status":"closed","template":"","meta":{"footnotes":""},"_links":{"self":[{"href":"https:\/\/gaiaholistic.com\/index.php?rest_route=\/wp\/v2\/pages\/1153"}],"collection":[{"href":"https:\/\/gaiaholistic.com\/index.php?rest_route=\/wp\/v2\/pages"}],"about":[{"href":"https:\/\/gaiaholistic.com\/index.php?rest_route=\/wp\/v2\/types\/page"}],"author":[{"embeddable":true,"href":"https:\/\/gaiaholistic.com\/index.php?rest_route=\/wp\/v2\/users\/1"}],"replies":[{"embeddable":true,"href":"https:\/\/gaiaholistic.com\/index.php?rest_route=%2Fwp%2Fv2%2Fcomments&post=1153"}],"version-history":[{"count":6,"href":"https:\/\/gaiaholistic.com\/index.php?rest_route=\/wp\/v2\/pages\/1153\/revisions"}],"predecessor-version":[{"id":1161,"href":"https:\/\/gaiaholistic.com\/index.php?rest_route=\/wp\/v2\/pages\/1153\/revisions\/1161"}],"wp:attachment":[{"href":"https:\/\/gaiaholistic.com\/index.php?rest_route=%2Fwp%2Fv2%2Fmedia&parent=1153"}],"curies":[{"name":"wp","href":"https:\/\/api.w.org\/{rel}","templated":true}]}}